ded by 2?
0
Suppose 23271 + 3206 + 242 = 11*v. What is the remainder when v is divided by 221?
219
What is the remainder when 405 is divided by ((-8 - -6) + (-40)/(-16))/(1/722)?
44
Suppose -378*p + 377*p + 7 = 0. Suppose 0 = 8*f - p*f - 302. Calculate the remainder when f is divided by 77.
71
Suppose 4*m - 41 = 55. Let y = -16 + 108. Calculate the remainder when y is divided by m.
20
Let h(c) = -6*c - 56. Let z be h(-8). What is the remainder when (-4188)/(-7) - z/(-28) is divided by 40?
38
Suppose -91*u + 97*u = -241 + 1027. Calculate the remainder when 398 is divided by u.
5
Suppose -x + 1 = -24. Suppose -2*c = -3*k + 34, 8*k = 3*k + 2*c + 50. Suppose k*b - 179 = 597. Calculate the remainder when b is divided by x.
22
Let n = 8 + 7. Let g(x) = -x**3 - 9*x**2 + 6*x + 138. Calculate the remainder when g(-8) is divided by n.
11
Suppose 234 = -4*h + 2*p - 0*p, -3*p = 2*h + 105. Let t = h + 68. Suppose -t = 6*j - 7*j. Calculate the remainder when 29 is divided by j.
7
Suppose 9*u - 345 = 4*u. Let a = u - 52. What is the remainder when 18*(8 + -4 + 6/(-4)) is divided by a?
11
Let n = 1000 + -3484. What is the remainder when n/(-15)*(-40)/(-16) is divided by 83?
82
Let y(r) = -r**3 - 8*r**2 - 3*r + 19. Let x(u) = -2*u**2 - 20*u - 15. Let l be x(-11). Let a = l - -29. What is the remainder when y(a) is divided by 22?
21
Let n(q) be the second derivative of -26*q**3/3 + 27*q**2/2 + 96*q. What is the remainder when n(-2) is divided by 20?
11
What is the remainder when 330 is divided by (-8)/7*(-9030)/516?
10
Let k = -13693 - -14053. Calculate the remainder when 1138 is divided by k.
58
Suppose -g + 1220 = 4*l, -3*l + 1196 = -3*g + 266. What is the remainder when l is divided by 78?
72
Let u(z) = -33*z + 28. Let y be u(-15). Suppose y = 7*k - 149. Suppose 20*g + k = 24*g. Calculate the remainder when 46 is divided by g.
22
Suppose 0 = 13*c + 877902 - 878292. Let q = 3 - 3. Suppose q = -3*z - 0*z + 165. Calculate the remainder when z is divided by c.
25
Suppose 66*m = 44*m + 1650. What is the remainder when m is divided by 6?
3
Let g = -1596 + 2143. What is the remainder when g is divided by 43?
31
Let f(b) = 7*b**2 - b. Let l(k) be the first derivative of -2*k**2 - 27*k + 22. Calculate the remainder when l(-9) is divided by f(1).
3
Let i = 11445 + -10991. What is the remainder when i is divided by 104?
38
Let r = -17557 + 17536. Suppose 4*v = -v - 15, -v + 9 = 2*b. What is the remainder when 1/(-14)*-122 - b/r is divided by 3?
0
Let y(o) = o**2 + 7*o + 1. What is the remainder when 6/4*1*(-9 - 670/(-30)) is divided by y(-7)?
0
Suppose -449 = -5*t + 941. Suppose -320 = -4*o - b + 756, -o = -2*b - t. Let a(k) = k**2 + 3640*k + 39. What is the remainder when o is divided by a(0)?
36
Let s = 3508 + -3451. Calculate the remainder when 139 is divided by s.
25
Suppose -10*t = 11*t - 6489. Suppose -4*p + r + r = -250, -r + t = 5*p. Calculate the remainder when p is divided by 22.
18
Suppose -15*i + 314 = -4051. Let z = i - 284. What is the remainder when 20 is divided by z?
6
Let z(p) = 2*p**2 + 27*p - 239. Let t = 326 - 209. Let s = t - 23. Calculate the remainder when s is divided by z(7).
46
Let o(c) = 12*c**3 - 3*c**2 + 3*c - 1. Let z be o(1). Calculate the remainder when 1730/z - (-45)/(-165) is divided by 32.
29
Let l(j) = j + 22. Let y be l(-20). Let n = 174 - 108. Suppose -n = -a + y. What is the remainder when a is divided by 14?
12
What is the remainder when 2479185/2590 - 6/28 is divided by 309?
30
Let b(c) = c**3 - c**2 - 1. Let u(l) = l**3 - 9*l**2 + l + 1. Let o(m) = 2*b(m) - u(m). Calculate the remainder when 10 is divided by o(-7).
2
Suppose 11*u + 2*n + 67 = 14*u, -4*u + 112 = 3*n. Calculate the remainder when 264 is divided by u.
14
Suppose 8*h - 40 = 4*h. Suppose -5*q - 25 = -90. What is the remainder when (-188)/(-5) + 1 - 6/h is divided by q?
12
What is the remainder when 659 is divided by (13 - 20) + (-4 - ((-122)/2 + 3))?
1
Suppose -4*p + 486 = -2*x, 0 = p - 2*x - 27 - 102. Calculate the remainder when 322 is divided by p.
84
Suppose d = -1, 5*i - 4*d + 5*d - 1964 = 0. Suppose 4*r - i = -3*w, -3*w - 4*r = -6*w + 393. Calculate the remainder when w is divided by 12.
11
Suppose 8345 - 2303 = 57*b. Calculate the remainder when b is divided by 10.
6
Suppose 3*u - 164 - 196 = 0. Suppose -3*o - o - 4*h + u = 0, 0 = -5*o + h + 156. Calculate the remainder when 119 is divided by o.
26
Let d be 139 + ((-4)/6)/(4/30). Suppose 34 = 12*p - d. Calculate the remainder when 27 is divided by p.
13
Suppose 16 = 3*k + c, 0 = 2*k + 7*c - 11*c - 20. Suppose m = -h + 5, -2*h = -4*m - 4 + k. Calculate the remainder when h is divided by 3.
0
Let t be 21 + 6/10 + (-39)/15. Suppose t + 17 = 6*n. Let z(a) = -4*a + 2. What is the remainder when z(-5) is divided by n?
4
Let q = -143 + 266. Suppose -35 = 8*z - q. Calculate the remainder when 87 is divided by z.
10
Suppose -12*c + 9*c = -84. Suppose -l + y + 14 = 0, 0 = -78*l + 74*l + 3*y + 59. Calculate the remainder when c is divided by l.
11
Suppose -4*w = -5*m - 4, m + 18 = 4*w - 2. Let v be -6*w/(-180) + (-518)/(-10). Calculate the remainder when 49 is divided by (v/6)/(2/3).
10
Let r be 2*7/2*108/252. Suppose 0 = -3*n - 3, -5*a - 2*n + r + 70 = 0. Calculate the remainder when 74 is divided by a.
14
Suppose 1 = -u, 0 = 26*r - 21*r + 4*u - 1071. What is the remainder when r is divided by 5?
0
Suppose -3*r + 128*f - 124*f + 120 = 0, 0 = 5*r + 2*f - 174. What is the remainder when 282 is divided by r?
30
Suppose -17*a = -1050 + 319. What is the remainder when a is divided by 14?
1
Suppose 4*l + 17 = n, 6*n + 100 = 11*n - 5*l. Calculate the remainder when 660 is divided by n.
9
Suppose 602 + 791 = n. Let l = -3148 + n. Calculate the remainder when (-2)/14 - l/35 is divided by 13.
11
Let i = 9433 + -9328. Calculate the remainder when i is divided by 86.
19
Suppose -2*a + 4*z + 20 = 0, -5*z - 100 = 5*a - 180. Suppose 94 = 3*c - 107. Calculate the remainder when c is divided by a.
11
Let f = 148 + -106. Suppose -18*u + 70 = -11*u. Suppose -390 = -16*w - u*w. Calculate the remainder when f is divided by w.
12
Let n = 5167 + -5078. Suppose 2*d - 1531 = 67. Calculate the remainder when d is divided by n.
87
Calculate the remainder when 288 is divided by (4 + 1)/(385/7392).
0
Suppose 5092 = -21*o + 42325. Calculate the remainder when o is divided by 223.
212
Suppose -4*m - j - 1 = -10, 3*j = 3*m - 3. Suppose -48 = -3*v + m*v. Suppose -2*k + v = 4*h - 4*k, k + 57 = 5*h. What is the remainder when 50 is divided by h?
6
Let f(b) = 16*b + 74. Let c(w) = -8*w - 31. Let v(p) = -14*c(p) - 6*f(p). Let t = -5 - -11. What is the remainder when v(t) is divided by 11?
9
Let z(x) = -x**2 - 68*x + 25. What is the remainder when 174 is divided by z(-68)?
24
Let h = -1973 - -2002. Suppose 0 = 5*q - 22 + 2. What is the remainder when h is divided by q?
1
Let o(p) = 1 + 5 - 16 + 2*p**2 + 8*p + 3. Calculate the remainder when 100 is divided by o(-7).
30
Let y(a) = 2*a - 29. Let q be y(17). Suppose -4*n + q*v = -491, 464 = 4*n - 0*v + 4*v. Calculate the remainder when n is divided by ((-30)/4)/((-2)/4).
14
Calculate the remainder when 76 is divided by (3 - (-15)/(-10))*6/1.
4
Suppose 43 = 2*k + 55. What is the remainder when 200 is divided by 0/(k/(-3)) - -34?
30
Let b(j) = -j**3 - 7*j**2 - 8*j - 38. Let z be ((-8)/(-6))/((-6)/(-9)) + 4. Suppose -z*v + 12*v = 642. What is the remainder when v is divided by b(-7)?
17
Let n(b) = 2*b**2 - 8*b. Let c(t) = -t**2 + 190*t - 8507. What is the remainder when c(75) is divided by n(6)?
22
Suppose x = 5*l - 10*l + 349, -x = -l + 65. Let v(q) = -q**2 - 9*q - 5. Let z be v(-8). Suppose -28 = -z*r - r. What is the remainder when l is divided by r?
6
Let n(t) be the second derivative of t**4/12 + 2*t**3 + 5*t**2 + 126*t. What is the remainder when 24 is divided by n(-12)?
4
Suppose 5*x + 1545 = -5*c, -895 = 3*x + c - 6*c. Let j = x + 312. What is the remainder when 18 is divided by j?
4
Let h = 18 + -10. What is the remainder when (3009/236)/(21/12 + -1) is divided by h?
1
Suppose 0*s + s = 4*s. Let t(u) = -3*u**2 - 3*u + 124. Calculate the remainder when t(s) is divided by 31.
0
Suppose 8*g + 228 = 10*g. Let m = 217 - g. Let o = 33 - 7. Calculate the remainder when m is divided by o.
25
Suppose 2*s - 